
Is 9754376329 prime?
False
Is 71912749 a composite number?
True
Is 3095553817 a composite number?
True
Is 2924365513 composite?
False
Is 3681444383 a prime number?
True
Is 93666063539 prime?
False
Is 5615091829 prime?
False
Is 37382313019 a prime number?
False
Is 1453677209 composite?
False
Is 517032469 a composite number?
True
Is 3202292747 a prime number?
False
Is 69277927633 composite?
True
Is 141560633 a prime number?
False
Is 2994715561 prime?
True
Is 6910621183 composite?
False
Is 100232097893 a prime number?
False
Is 591311774 a composite number?
True
Is 1433179967 a prime number?
True
Is 2261245013 composite?
True
Is 54954870877 a prime number?
True
Is 6886768591 a composite number?
True
Is 7085918929 a prime number?
False
Is 27866501629 a prime number?
True
Is 920154133 prime?
True
Is 2478620413 prime?
True
Is 219779101 a prime number?
True
Is 200357722183 prime?
True
Is 3309963577 composite?
False
Is 1080182531 composite?
True
Is 35529295507 a composite number?
True
Is 3145114613 a prime number?
True
Is 2922602209 a prime number?
False
Is 1212693355 prime?
False
Is 1502520337 a composite number?
False
Is 3240885371 a prime number?
True
Is 3646386617 a composite number?
True
Is 1380731113 composite?
False
Is 3669374431 a composite number?
True
Is 31722179 a prime number?
True
Is 11327213657 a prime number?
True
Is 1191217639 a prime number?
True
Is 47817304463 prime?
True
Is 26184913 composite?
True
Is 119439014 composite?
True
Is 6484201 prime?
False
Is 4092881707 a composite number?
False
Is 708032965 a composite number?
True
Is 6946634417 prime?
True
Is 5689388219 prime?
True
Is 42530798491 a composite number?
True
Is 5126893069 composite?
True
Is 10134033977 composite?
False
Is 10036911163 prime?
False
Is 58048037 prime?
True
Is 20567926993 prime?
False
Is 8862823703 composite?
True
Is 2264846897 prime?
True
Is 7550645599 a composite number?
True
Is 4012620329 composite?
False
Is 3610286873 composite?
True
Is 715088927 prime?
False
Is 680482393 a composite number?
True
Is 30745577185 prime?
False
Is 36964002563 composite?
False
Is 1430939363 prime?
False
Is 25922001251 a composite number?
True
Is 424856662355 a prime number?
False
Is 74084250169 composite?
True
Is 1887202099 prime?
False
Is 876270847 composite?
False
Is 18654355207 composite?
False
Is 4274979913 composite?
False
Is 613960939 a composite number?
True
Is 704472467 a prime number?
False
Is 57477165717 composite?
True
Is 2652283729 a composite number?
True
Is 33875819389 a composite number?
False
Is 1820192923 a prime number?
False
Is 514071941 a composite number?
False
Is 4819261297 a prime number?
True
Is 84149551 a prime number?
True
Is 2097286913 a prime number?
True
Is 418966117 a composite number?
True
Is 27199342769 prime?
True
Is 3052395161 a prime number?
True
Is 42399795049 a prime number?
False
Is 102775832473 prime?
True
Is 91142651 composite?
True
Is 17507276509 prime?
True
Is 1817924523 a prime number?
False
Is 5153593681 composite?
False
Is 1030003999 a composite number?
False
Is 35713729889 a prime number?
False
Is 37373305 a composite number?
True
Is 199333781 prime?
False
Is 17601327782 a prime number?
False
Is 58491562593 prime?
False
Is 664132709 a prime number?
True
Is 1083986047 a prime number?
True
Is 4854142511 a prime number?
False
Is 3851964631 prime?
True
Is 2610470609 a composite number?
False
Is 5511012469 a composite number?
True
Is 529410143 a prime number?
False
Is 2038094057 a prime number?
True
Is 1787523673 a composite number?
True
Is 238115557 composite?
True
Is 1481466257 prime?
True
Is 3839291 a composite number?
True
Is 18225236669 composite?
False
Is 6502355567 a composite number?
False
Is 11079297727 prime?
False
Is 38184997 a prime number?
True
Is 825354899 a composite number?
False
Is 16209494783 prime?
True
Is 2052193379 composite?
True
Is 2025928813 composite?
False
Is 711546733 prime?
True
Is 16196531167 a composite number?
False
Is 150768539 prime?
True
Is 5457066739 composite?
False
Is 825120547 a prime number?
False
Is 1336415609 prime?
True
Is 1006853003 a composite number?
True
Is 21907854755 prime?
False
Is 7112748259 a composite number?
True
Is 849521347 a composite number?
False
Is 54491877599 a composite number?
True
Is 8225264569 a composite number?
True
Is 44177104537 a composite number?
False
Is 717642461 a composite number?
False
Is 233335997 composite?
False
Is 1373424163 a prime number?
False
Is 821053661 a composite number?
False
Is 4876371257 prime?
False
Is 7959798614 prime?
False
Is 39410148497 a composite number?
False
Is 7317509549 a composite number?
True
Is 153307961629 composite?
True
Is 34659321211 a prime number?
True
Is 958149083 a prime number?
True
Is 8533336703 prime?
False
Is 75662683 prime?
True
Is 3247472269 composite?
True
Is 5197120499 a composite number?
False
Is 1282582253 a composite number?
False
Is 1226642009 a prime number?
True
Is 42640105709 composite?
True
Is 24029490883 prime?
False
Is 43295325839 a prime number?
True
Is 824587111 a prime number?
True
Is 48844235719 a composite number?
False
Is 403129651 prime?
False
Is 41976449951 a composite number?
False
Is 4475999459 a prime number?
False
Is 36189990743 a composite number?
True
Is 5042629919 a composite number?
False
Is 76747288819 a composite number?
False
Is 14513799959 prime?
True
Is 12877787707 prime?
True
Is 1168872433 composite?
True
Is 277902142139 composite?
True
Is 35963135545 a composite number?
True
Is 22655909 a composite number?
False
Is 431021893 composite?
True
Is 1905225009 a composite number?
True
Is 31036654589 a composite number?
True
Is 260420331923 a composite number?
False
Is 18396688631 prime?
True
Is 2271885673 a prime number?
False
Is 17147648339 a composite number?
True
Is 2530270367 a prime number?
True
Is 11391773951 a prime number?
False
Is 10563400943 a prime number?
True
Is 618569057 a prime number?
False
Is 1608307693 composite?
False
Is 29682828797 a prime number?
True
Is 2464856089 composite?
False
Is 212408699 composite?
True
Is 25028025641 composite?
False
Is 1018714553 composite?
True
Is 24100984759 prime?
True
Is 21603645311 a prime number?
True
Is 2310175981 a composite number?
False
Is 2012660449 composite?
False
Is 33731360461 prime?
True
Is 4044736741 prime?
True
Is 3196184129 prime?
True
Is 1986931393 composite?
False
Is 2383240799 a composite number?
False
Is 2015822269 prime?
True
Is 8346719677 composite?
True
Is 117373588015 a composite number?
True
Is 19211828201 a composite number?
True
Is 104698173761 composite?
True
Is 2942240183 a composite number?
True
Is 191593901 prime?
True
Is 21775530797 prime?
False
Is 288983221 a composite number?
True
Is 631758389 prime?
False
Is 48604499651 prime?
True
Is 3304222261 prime?
False
Is 9139944469 prime?
False
Is 3306541382 a composite number?
True
Is 4610375767 prime?
True
Is 1038749561 a composite number?
False
Is 181910218157 a prime number?
True
Is 953334461 a composite number?
True
Is 157120499 prime?
True
Is 11516728061 prime?
False
Is 29263098307 a composite number?
False
Is 22089765245 a composite number?
True
Is 4018220369 composite?
False
Is 3560226751 a prime number?
False
Is 82200739 a prime number?
False
Is 7837058857 prime?
False
Is 7073374097 composite?
False
Is 55940050867 composite?
True
Is 7252645229 composite?
False
Is 413533297 composite?
False
Is 3720676103 prime?
False
Is 38558099771 prime?
False
Is 15766313071 composite?
False
Is 3874892611 a prime number?
False
Is 884349601 prime?
True
Is 23398358639 a composite number?
False
Is 598024481 a composite number?
True
Is 382923787 composite?
True
Is 27580536397 a composite number?
True
Is 13807016683 a composite number?
True
Is 203488127 a prime number?
True
Is 71848424711 composite?
True
Is 306042547 prime?
False
Is 341994629 prime?
False
Is 1390158863 composite?
True
Is 460461289 a prime number?
True
Is 66536616467 a prime number?
True
Is 13139941 composite?
False
Is 23755828427 composite?
False
Is 53198605667 a composite number?
False
Is 7152197207 a prime number?
True
Is 11557689587 composite?
False
Is 1138581269 a composite number?
True
Is 61709039877 a composite number?
True
Is 1936525231 a prime number?
False
Is 497484257 a prime number?
True
Is 6112762787